{"id":141,"date":"2021-04-19T06:38:24","date_gmt":"2021-04-19T06:38:24","guid":{"rendered":"https:\/\/www.woodundwagner.de\/?page_id=141"},"modified":"2021-09-24T16:17:54","modified_gmt":"2021-09-24T16:17:54","slug":"impressum","status":"publish","type":"page","link":"https:\/\/www.woodundwagner.de\/?page_id=141","title":{"rendered":"Impressum"},"content":{"rendered":"\n<h2>Angaben gem\u00e4\u00df \u00a7 5 TMG<\/h2>\n\n\n\n<p>Christian Wagner<br>Otto-Lilienthal-Stra\u00dfe 37<br>88471 Laupheim<\/p>\n\n\n\n<p>Genossenschaftsregister: 323460<br>Registergericht: Amtsgericht Ulm<\/p>\n\n\n\n<h2>Kontakt<\/h2>\n\n\n\n<p>Telefon: 07392 \/ 939 11 88 <\/p>\n\n\n\n<p>Handy: 0162 \/ 744 83 99<br>E-Mail: info@woodundwagner.de<\/p>\n\n\n\n<h2>Aufsichtsbeh\u00f6rde<\/h2>\n\n\n\n<p>Handwerkskammer ulm<br>Olgastra\u00dfe 72<br>89073 Ulm<br><a href=\"https:\/\/www.hwk-ulm.de\/\">https:\/\/www.hwk-ulm.de\/<\/a><\/p>\n\n\n\n<h2>Haftung<\/h2>\n\n\n\n<p>Die Website wurde mit gr\u00f6\u00dftm\u00f6glicher Sorgfalt zusammengestellt. Trotzdem kann keine Gew\u00e4hr f\u00fcr die Fehlerfreiheit und Genauigkeit der enthaltenen Informationen \u00fcbernommen werden.<\/p>\n\n\n\n<h2>Urheberrecht<\/h2>\n\n\n\n<p>Die durch die Seitenbetreiber erstellten Inhalte und Werke auf diesen Seiten unterliegen dem deutschen<br>Urheberrecht. Die Vervielf\u00e4ltigung, Bearbeitung, Verbreitung und jede Art der Verwertung au\u00dferhalb der<br>Grenzen des Urheberrechtes bed\u00fcrfen der schriftlichen Zustimmung des jeweiligen Autors bzw. Erstellers.<br>Downloads und Kopien dieser Seite sind nur f\u00fcr den privaten, nicht kommerziellen Gebrauch gestattet.<br>Soweit die Inhalte auf dieser Seite nicht vom Betreiber erstellt wurden, werden die Urheberrechte Dritter<br>beachtet. Insbesondere werden Inhalte Dritter als solche gekennzeichnet. Sollten Sie trotzdem auf eine<br>Urheberrechtsverletzung aufmerksam werden, bitten wir um einen entsprechenden Hinweis. Bei<br>Bekanntwerden von Rechtsverletzungen werden wir derartige Inhalte umgehend entfernen.<br><br>Quelle:<br><a href=\"https:\/\/www.e-recht24.de\/impressum-generator.html\">https:\/\/www.e-recht24.de\/impressum-generator.html<\/a><\/p>\n","protected":false},"excerpt":{"rendered":"<div class=\"entry-summary\">\nAngaben gem\u00e4\u00df \u00a7 5 TMG Christian WagnerOtto-Lilienthal-Stra\u00dfe 3788471 Laupheim Genossenschaftsregister: 323460Registergericht: Amtsgericht&hellip;\n<\/div>\n<div class=\"link-more\"><a href=\"https:\/\/www.woodundwagner.de\/?page_id=141\" class=\"more-link\">Continue reading<span class=\"screen-reader-text\"> &ldquo;Impressum&rdquo;<\/span>&hellip;<\/a><\/div>\n","protected":false},"author":1,"featured_media":0,"parent":0,"menu_order":0,"comment_status":"closed","ping_status":"closed","template":"","meta":[],"_links":{"self":[{"href":"https:\/\/www.woodundwagner.de\/index.php?rest_route=\/wp\/v2\/pages\/141"}],"collection":[{"href":"https:\/\/www.woodundwagner.de\/index.php?rest_route=\/wp\/v2\/pages"}],"about":[{"href":"https:\/\/www.woodundwagner.de\/index.php?rest_route=\/wp\/v2\/types\/page"}],"author":[{"embeddable":true,"href":"https:\/\/www.woodundwagner.de\/index.php?rest_route=\/wp\/v2\/users\/1"}],"replies":[{"embeddable":true,"href":"https:\/\/www.woodundwagner.de\/index.php?rest_route=%2Fwp%2Fv2%2Fcomments&post=141"}],"version-history":[{"count":9,"href":"https:\/\/www.woodundwagner.de\/index.php?rest_route=\/wp\/v2\/pages\/141\/revisions"}],"predecessor-version":[{"id":221,"href":"https:\/\/www.woodundwagner.de\/index.php?rest_route=\/wp\/v2\/pages\/141\/revisions\/221"}],"wp:attachment":[{"href":"https:\/\/www.woodundwagner.de\/index.php?rest_route=%2Fwp%2Fv2%2Fmedia&parent=141"}],"curies":[{"name":"wp","href":"https:\/\/api.w.org\/{rel}","templated":true}]}}